 the tens digit of (296/(-10))/(v/15)?
2
Let t(q) = 4*q**2 + 29*q + 47. What is the tens digit of t(-11)?
1
Let m(b) = 48*b**2 - 4*b + 9. What is the units digit of m(3)?
9
Suppose -2*i = -8, -9 = 2*p - 4*i - 1. Suppose -r - 183 = -p*r. What is the tens digit of r?
6
Let j(h) = -h + 5. Let l be j(-3). What is the units digit of (-20)/((-4*(-2)/l)/(-7))?
0
Let g = -2 - -4. Suppose -g*t + 82 + 10 = 0. What is the tens digit of t?
4
What is the units digit of 1110/7*420/90?
0
Suppose 2*f + 4*r + 2 = 0, 2*f - 4*r + 10 = -0*f. What is the units digit of (1 - (0 - 0/f))*1?
1
Let m be (3 - 504)*2/6. Let a = m + 237. Let o = a + -42. What is the units digit of o?
8
Let v(f) = 3*f**2 - f - 3. Let q be v(2). Suppose -9 = -q*k + 26. Suppose -46 = 3*z - k*z. What is the units digit of z?
3
Let c be 532/12 + 8/(-6). Let l(r) = r**2 + 4. Let t be l(5). Let d = c - t. What is the tens digit of d?
1
Let o be (-8)/(-56) + (-2504)/(-14). Suppose -5*n - 4*d = -423, d - o = -4*n + 155. What is the units digit of n?
3
Let j = -3 - 1. Let i(z) = 5*z + 2. Let v be i(j). Let w = 27 + v. What is the units digit of w?
9
Let w(j) = -39*j - 257. What is the units digit of w(-25)?
8
Let r(g) be the second derivative of g**7/2520 + g**6/90 + g**5/24 + g**4/12 + 4*g. Let p(m) be the third derivative of r(m). What is the tens digit of p(-9)?
1
Let o = 6202 + -1445. What is the tens digit of o?
5
What is the units digit of (9 - 2201)*(-6 + 0 + 5)?
2
Let j = 15 + -12. Suppose 4*m = 2*a + 38, -5*m + 40 = -8*a + j*a. What is the tens digit of m?
1
Let p = 820 + -194. What is the tens digit of p?
2
Let a(x) = -30*x. Let f be a(-2). Let i = -35 + f. Suppose h + 4*h - i = 0. What is the units digit of h?
5
Let u = -817 - -1011. What is the tens digit of u?
9
Suppose -3*c - 1 = -f, 18 = 2*f + 11*c - 9*c. What is the units digit of f?
7
Let d = 707 + -92. What is the units digit of d?
5
Suppose 3*h = -4*y - 21, 3*h + 5*y = 6*h - 6. Let g = -1 - h. Suppose -11 = -g*d + 19. What is the units digit of d?
5
Let g = -75 + 161. Suppose w + 2*l = -w + 90, -2*l = -2*w + g. What is the tens digit of w?
4
Let r = 8 + -6. Suppose -t + 56 = -r*i + 16, -3*i = 3*t - 111. What is the tens digit of t?
3
Let y be 4/14 + 36/(-28). Let j = 0 + y. What is the units digit of (20/j)/(-2) + 0?
0
Let v(i) = 215*i**2 + i - 16. What is the hundreds digit of v(-4)?
4
Let b be (2 + 1 + -2)*3. Let q(d) = 21*d - 5. What is the tens digit of q(b)?
5
Let l(g) = -g**3 - 10*g**2 - 3*g + 6. Let m(o) = o**2 + 2*o - 11. Let s be m(0). What is the units digit of l(s)?
0
Suppose -2*v - 3*m - 48 = -5*v, -46 = -4*v - 5*m. Suppose 0 = 4*p + 2 + v. What is the units digit of (-6)/((-8)/p) + 68?
5
Suppose -1679 = -4*x - 623. What is the tens digit of x?
6
Let c(z) = -z**3 - 12*z**2 + 12*z - 17. Let a be c(-13). Let h be (-7)/(-1) + 12/a. Suppose 2*x = -h*x + 90. What is the tens digit of x?
1
Let u = -19 + 23. Suppose -f - u = -2*f. Suppose -k + 4 = -y, -2*k - y = f*y - 43. What is the units digit of k?
9
Suppose -5*n + 1 = -4. Let h(c) = 13*c**2 - 1. Let d be h(n). What is the tens digit of (376/d)/(2/3)?
4
Let l(a) = a**3 - 5*a**2 - 3*a + 11. Let h be l(5). Let y be ((-2)/4)/((-1)/h). Let f(i) = -8*i**3 + 3*i**2 - 1. What is the tens digit of f(y)?
7
Suppose 0 = -a + 4*y + 189, 5*a - 2*y - 231 = 642. Suppose -a = -3*l + 4*i, -2*i + 5*i - 104 = -2*l. What is the tens digit of l?
5
Let v(b) = -2506*b - 46. What is the units digit of v(-1)?
0
Suppose 4*c - 4*k - 23250 = -1738, -5*c = -4*k - 26890. What is the thousands digit of c?
5
Let s(l) = l - 4. Let p be ((-96)/4)/3 + -1. Let j = p + 16. What is the units digit of s(j)?
3
What is the units digit of (-61 - -7 - -10)/(4/(-12))?
2
What is the hundreds digit of -5 - (9/108 - 3229/12)?
2
What is the hundreds digit of (-5)/(10/(-8)) - -1432 - -2?
4
Let q(p) = p**3 - 5*p**2 - 2*p - 8. Let m be q(6). What is the units digit of m/(-5)*(6 + (-85)/10)?
8
Let d(q) = 59*q + 16. What is the tens digit of d(3)?
9
Suppose 24 = -82*q + 84*q. Suppose -q*d = -0*d - 2040. What is the hundreds digit of d?
1
What is the units digit of ((-1090)/15 - -8)/((-1)/12)?
6
Let b(d) = 2*d - 4. Let a be b(4). Let h be 12/(-8) + 22/a. Suppose h*y - 15 = -q + 62, 0 = 5*y + 3*q - 91. What is the units digit of y?
0
Let u be (9 - 4) + -2 - 8. Let g(x) = 9*x**2 + 27*x + 2. What is the tens digit of g(u)?
9
Let v = 3702 + -644. What is the thousands digit of v?
3
Suppose 5*v + 494 = p + 2858, -2*v + 2*p = -944. What is the tens digit of v?
7
Let k = -43 + 84. Suppose 3*p + 94 = -k. Let o = p - -79. What is the units digit of o?
4
Suppose 778 = 7*y - 552. What is the hundreds digit of y?
1
Let v = 401 - -124. What is the units digit of v?
5
Let l(b) = b**2 - 3. Let x be l(2). Suppose 5*y - 41 = -x. Suppose y = j + j. What is the units digit of j?
4
Let m = 45 - 13. Suppose 6*i - 16 - m = 0. Suppose 0 = 4*n - i*n + 36. What is the units digit of n?
9
Suppose 0 = 2*n + 5*f - 1419 + 486, 4*n + 4*f = 1848. What is the hundreds digit of n?
4
What is the units digit of (-11)/22 - 9774/(-12)?
4
Let u(f) = f**3 - 7*f**2 - 6*f + 7. Let m be u(6). Let s = 100 - m. What is the units digit of 3/4 - s/(-4)?
2
Let i = 20 - 18. Suppose 4*u + 136 = o + i*o, -183 = -4*o + 5*u. What is the units digit of o?
2
Suppose -3482 = -7*s + 2391. What is the units digit of s?
9
Suppose 5*t + 193 = 2*u, 282 + 169 = 5*u - 2*t. Suppose -3*y + u - 18 = 2*a, 2*y + 5*a = 51. What is the tens digit of y?
2
Let i(y) be the second derivative of y**4/12 - y**3 - 9*y**2 + y + 4. Let l be 130/14 - 6/21. What is the units digit of i(l)?
9
Suppose -x + 24 = -2*x. Let m = -11 + x. Let d = m + 63. What is the tens digit of d?
2
Let q(b) = 11*b**2 - 27*b - 47. What is the units digit of q(12)?
3
Let y(u) = 11*u**3 + u**2 + 2*u + 2. Let l(k) = k**3 - k**2. Let h(x) = -2*l(x) - y(x). What is the hundreds digit of h(-2)?
1
Suppose m - 6*m + 5 = 0. Let l(h) = -2*h**2 + 9*h + 2. Let x be l(0). Suppose 3*s = x + m. What is the units digit of s?
1
Let c = 667 + 470. What is the tens digit of c?
3
Let g be (105/42)/((-2)/(-4)). Suppose 0 = -4*t - 2*c + 810, -4*t + 815 = g*c - 2*c. What is the hundreds digit of t?
2
What is the hundreds digit of (-4)/(-4*10/13590)?
3
Let g(d) = -d**2 - 11*d - 27. Let l be g(-6). Suppose 312 = 3*n - l*t, -3*n + 237 = -t - 71. What is the hundreds digit of n?
1
Suppose u + f - 1028 + 142 = 0, 3*f + 4430 = 5*u. What is the units digit of u?
6
What is the hundreds digit of 885/(-20)*5/(45/(-96))?
4
Let v = -733 - -1179. What is the hundreds digit of v?
4
Let i(b) be the second derivative of b**5/20 + 11*b**4/12 - 7*b**3/3 - 3*b**2 - b. Suppose -9 = -l - 6, -3*y - 45 = -3*l. What is the tens digit of i(y)?
1
Let y = -58 + 96. Suppose y = 5*w - 217. What is the tens digit of ((-2)/3)/((-2)/w)?
1
Let p(q) = 5*q**2 - 4*q. Let j be p(-2). Suppose -3*b = 2*b - 5. Suppose -b = -o + j. What is the units digit of o?
9
Let g(c) = 363*c**2 + 33*c + 3. What is the tens digit of g(3)?
6
Suppose 0 = 3*l - 156 - 789. Suppose -l = -8*y + y. What is the tens digit of y?
4
Let p = -86 - -95. Suppose -i - p*i = -1700. What is the tens digit of i?
7
Suppose 11*y = 765 + 11797. What is the units digit of y?
2
Suppose -2 = 5*f - d, 4*f + 3*d - 5 = 1. Suppose -k - 3*k - r + 1 = f, 4 = -4*k + 4*r. Suppose 2*n + n - 39 = k. What is the tens digit of n?
1
What is the hundreds digit of 7/70 + 22445/50?
4
Let q(h) = h**3 + 13*h**2 + 14*h + 1. What is the units digit of q(-6)?
9
Let q(v) = -v**2 - 11*v + 1. Let f be q(-9). Suppose p + 3*t = f, p - t - 19 = 2*t. What is the units digit of p?
9
Suppose 0*p - 1833 = -13*p. Let n = p + -49. What is the tens digit of n?
9
Suppose -20213 = y - 18*y. What is the units digit of y?
9
Let p(g) = 23*g + 22. What is the units digit of p(16)?
0
Let n(d) be the third derivative of -1/2*d**3 + 0*d - 5*d**2 + 11/60*d**5 + 1/4*d**4 + 0 - 1/120*d**6. What is the tens digit of n(11)?
6
Let r be (-1 - 1)*(-14)/7. Suppose 5*b + 4*y - 15 = 0, 2*b - r = -y + 2. Suppose 43 = b*o - 11. What is the units digit of o?
8
Suppose -2520 = -24*s + 12*s. Let d be ((-3)/1)/(6/(-16)). Suppose -d*z + s = -5*z. What is the units digit of z?
0
Let j = 632 + -173. What is the hundreds digit of j?
4
Suppose -9*d + 4 = -7*d. What is the units digi